 factor of w and 117.
39
Let t(q) = 377*q - 30478. Let f be t(81). Let h = 3646 - 2525. What is the greatest common factor of h and f?
59
Let i be (23 - 24)/(2/(-110)). Suppose 0 = -d + 6*d - i. Calculate the greatest common factor of d and 407.
11
Let s be 88/(-12)*(4 + -29)*33. Calculate the highest common factor of s and 363.
121
Let p(y) = y**2 + 33*y - 1745. Let b be p(40). What is the greatest common divisor of 376 and b?
47
Let l = 1537 - 2160. Let s = -562 - l. What is the highest common factor of 488 and s?
61
Let c = 98 + -70. Suppose 2*i - 54 = -4*r, -3*i + 4*r = -43 - c. Let z = 362198 - 362073. What is the highest common factor of i and z?
25
Let g = 3 + -2. Let y = 11313 + -11309. Calculate the highest common factor of y and g.
1
Suppose 16*k - 14*k - d + 1382 = 0, 0 = -2*k + 4*d - 1394. Let l = k - -844. What is the greatest common factor of 10 and l?
5
Let q(l) = 37*l**2 - 146*l + 43. Let o be q(8). What is the highest common divisor of 452 and o?
113
Let d be ((-1338)/4 + 0)*136/(-6). What is the greatest common divisor of d and 223?
223
Suppose 375 = 8*w - 5*w. Let q = w - 107. Suppose 6*z - q = 66. Calculate the highest common divisor of z and 126.
14
Let g be (-18)/75*510/153*(-15)/2. What is the greatest common factor of g and 194?
2
Let b(d) = -d**3 + 110*d**2 - 113*d + 598. Let q be b(109). What is the highest common factor of 3 and q?
3
Let b = 154 - 106. Let y(k) = 58*k - 29. Let h be y(15). Suppose 0 = -33*d + 2953 - h. What is the highest common divisor of b and d?
16
Let z = 5612 - 5136. What is the highest common factor of z and 252?
28
Let g be -196*(3 + (-203)/28). Calculate the highest common divisor of g and 119.
119
Suppose -u = 14*u - 45. Let l be ((-459)/54)/((3/(-4))/u). Let f be -51*(24/(-9) + 2). Calculate the greatest common factor of l and f.
34
Suppose 308 = 14*a - 1134. Let t = a + -61. Suppose 80 = 2*f - 4. Calculate the highest common factor of f and t.
42
Let s = 11 - -19. Let a(p) = -p**3 - 42*p**2 - 4*p - 8. Let y be a(-42). Calculate the greatest common divisor of y and s.
10
Let k = 20273 + -20218. Let z(t) = 1 + 2*t**2 - t**3 - 4 - 3*t**2 + 8. Let i be z(0). Calculate the greatest common divisor of i and k.
5
Let b = -66717 + 66755. Let z = -36 - -74. What is the greatest common divisor of z and b?
38
Suppose -3*s = 3*z - 1920, 247*z = 245*z + 3*s + 1255. What is the greatest common factor of z and 2032?
127
Let f be (8/(-6))/((-66)/23958). What is the highest common factor of f and 28?
4
Suppose 149 + 61 = 5*b. Let m(l) = 68*l - 765. Let x be m(13). Let n be x/b - (-2)/12. Calculate the greatest common divisor of 33 and n.
3
Let w = -31071 + 38748. Calculate the greatest common divisor of w and 9.
9
Let k be (-813)/((-1 - -10)/9). Let v = -519 - k. Calculate the highest common factor of v and 6.
6
Suppose 21*i - 1875 + 153 = 0. What is the highest common factor of i and 902?
82
Suppose -5*h + 32 - 7 = 0, 5*u - 3*h = 10. Suppose -3111 = -4*q + 5*g, -3891 = -5*q + u*g - g. Calculate the greatest common divisor of 41 and q.
41
Suppose 0 = -62*v + 474 + 807 + 827. What is the greatest common divisor of v and 3026?
34
Let c(y) = 3*y**3 + 12*y - 9. Let f be c(4). Let g = f - 221. What is the greatest common factor of 10 and g?
10
Let d = 165 - 105. Let n = 116 - 98. Suppose -n*t = -5*t - 1950. Calculate the highest common factor of d and t.
30
Suppose 0*p - p + 2 = 0. Let l be 170*(p/(-2))/(-2). Suppose -36*f + 1614 = -83 - 139. Calculate the highest common divisor of f and l.
17
Suppose -2*n + n = -6. Suppose -3*b = -2*h + 2*b - 1444, h - 2*b = -724. Let m = -678 - h. What is the greatest common divisor of n and m?
6
Suppose 3*i = 6*n - 4*n, i = -3*n. Suppose y + 0*b - 2*b - 44 = 0, -5*b - 10 = i. Calculate the greatest common divisor of 5 and y.
5
Let q be (32/12)/(1*4/6). Suppose 0 = -5*k + q*c - 10, 2*c + 2*c = k + 18. Suppose -2*g - k = -8. What is the highest common divisor of 30 and g?
3
Suppose 126*g - 96262 = -13732. What is the greatest common divisor of g and 10?
5
Suppose 6*w - 2*j = 43666, 5944 = -3*w + 4*j + 27792. What is the highest common factor of 204 and w?
68
Suppose k = 4*z - 3011, 102*z - 99*z = -3*k + 2247. Calculate the greatest common factor of z and 48.
16
Let u = 4054 + -4011. What is the greatest common factor of u and 4601?
43
Let o be 4 + (1 - 10) + 340. Suppose o = 14*x - 1513. What is the highest common factor of 60 and x?
12
Let p(a) be the second derivative of 17*a**3/2 + 3*a**2 + 33*a. Let x be p(2). Let y = -73 + x. Calculate the greatest common factor of y and 280.
35
Let w = 3806 - 3776. Let j(a) = 46*a**3 - 2*a**2 + a. Let u be j(1). What is the highest common divisor of w and u?
15
Let k(z) = -z**2 - 14*z + 13. Let d be k(-15). Let q be (d + 162)/(-2)*-1. Let m = -2 + 22. Calculate the greatest common divisor of q and m.
20
Suppose -231*d - 80388 = -318*d. What is the highest common divisor of d and 1023?
33
Let n = 19857 + -4549. What is the greatest common factor of 86 and n?
86
Suppose -2*h - 483 - 215 = -3*m, 5*m = -h + 1146. Let x = 243 - m. What is the highest common factor of x and 247?
13
Suppose 0 = -30*p - 4 + 124. Let b be 1306/p - (-205)/(-82). What is the greatest common divisor of 12 and b?
12
Suppose -23*j + 20 = -19*j. Let t(r) = 3*r**2 - 8*r - 16. Let p be t(j). Calculate the greatest common factor of 304 and p.
19
Suppose 2*x + 20*a = 15*a + 10, 5*a + 20 = 4*x. Suppose 0 = x*m - 4*s - 740, 2*s - 359 = -2*m - 45. Calculate the highest common factor of 19 and m.
19
Suppose 3*o - 4 = 3*z + 2, 2*o - 7 = 3*z. Let h be (2/2 - 142)*(-6 - z). What is the greatest common factor of 18 and h?
9
Let b(p) = -4*p - 13. Let j = -23 - -17. Let h be b(j). Let v = -212 - -245. What is the greatest common factor of v and h?
11
Let c be 146/3723 + 62830/51. What is the highest common factor of c and 1008?
112
Let f = 20 + -20. Suppose f = 7*i - 6*i - 1215. Suppose -5*v = 5*k - 1647 + 122, 4*k - v - i = 0. Calculate the greatest common factor of k and 38.
38
Let a = 10303 - 6971. Calculate the highest common divisor of a and 102.
34
Let f be 1/4 + (-10520)/(-32). Suppose 1063 = 4*j - f. Suppose 0 = -4*b - 5*i + j, 2*b + b - 262 = -4*i. What is the greatest common divisor of 205 and b?
41
Suppose 177*a - 175*a + x - 9165 = 0, 3*x - 21 = 0. Calculate the highest common divisor of a and 133.
19
Let z(k) = -4*k**3 + k**2 + k - 1. Let i(u) = -2*u**3. Let g(o) = -7*i(o) + 2*z(o). Let q be g(1). What is the greatest common divisor of q and 10?
2
Suppose -h = -3*d - 18, -h + 300 = -2*d + 273. Let s = 48 + 267. What is the highest common factor of h and s?
45
Let v = -4373 + 4439. What is the highest common factor of v and 1650?
66
Suppose -133 = -54*z + 133 + 112. Let m(u) = 18*u**2 + 1 - 3*u - u - 4. Let o be m(-2). Calculate the highest common factor of o and z.
7
Suppose -3*m = 2*z - 6926, 86*z - 2*m = 89*z - 10384. Calculate the highest common factor of z and 5.
5
Suppose -58 + 506 = 4*c. Let y be (-1)/(-3) - ((-40)/15 - -4). Let r be 7 + (-12 - 1) - y*13. Calculate the greatest common factor of c and r.
7
Let n(z) = z**2 + 11*z - 24. Let p be n(-13). Suppose -p*o + 3*l + 208 = 0, 2*l + 8 = -0. What is the highest common divisor of 42 and o?
14
Suppose 4*k = -4*m + 14448, 4*k + 3*m = 6*m + 14427. What is the highest common divisor of k and 9?
9
Suppose 4*y + 1426 = c + 8*y, -7*y + 35 = 0. Calculate the greatest common factor of 304 and c.
38
Let t(b) = b**3 - 14*b**2 + 14*b - 20. Let f = 18 + -9. Let j be t(f). Let r be (-6)/27 - j/9. Calculate the greatest common divisor of r and 264.
33
Let y = 2044 - 2039. What is the greatest common factor of 9640 and y?
5
Let w(t) = -t**2 + 20*t + 414. Let l be w(32). Let n = 74 - 14. Calculate the highest common factor of l and n.
30
Let k be ((-2)/3 + 0)*27/(-18). Let m be 4/k*(-55)/(-44). Suppose -3*c + 37 = 5*n - 4*c, 0 = m*n + 4*c - 27. What is the greatest common divisor of 14 and n?
7
Let u(w) = w**2 + 6*w + 7. Let r be u(-8). Suppose -357 = -5*q - 4*c + 563, 2*c = 0. Calculate the greatest common divisor of r and q.
23
Suppose -10*j + 5*j + r = -81, -5*j + 73 = 7*r. Let g be (-2)/4 - (-3)/(-2). Let k(c) = -8*c. Let y be k(g). Calculate the greatest common divisor of y and j.
16
Let j = 79 + -58. Let s be -9*((-392)